v - 5*o + 56 + 54 = 0. List the prime factors of v.
2, 11
Suppose -40 = -3*j - 3*p + 182, 3*p + 210 = 3*j. List the prime factors of j.
2, 3
Let s be 2/(34/16 + -2). Let a = s - -2. What are the prime factors of a?
2, 3
Suppose 0*n + 188 = 2*n - 4*a, 0 = 4*n + 4*a - 316. What are the prime factors of n?
2, 3, 7
Let q = 3 - 0. Suppose q*o = 7*o + 36. What are the prime factors of (-6)/o*(-36)/(-2)?
2, 3
Let c(z) = -1 + 3*z**2 + 11*z + 3*z**2 - 5*z**2 - 2*z**2. Let k = 14 - 4. List the prime factors of c(k).
3
Suppose 2*x - 792 = -v, 2*v = -5*x - v + 1982. What are the prime factors of x?
2, 197
Let z = -4 + -2. Let v = 9 + z. Let j(p) = p**2 - p + 3. What are the prime factors of j(v)?
3
Let h(i) = 2*i**2 + 6*i + 7. Let g(v) = -v - 1. Let k(w) = 6*g(w) + h(w). Let c be k(-1). Suppose 6 = a + c. List the prime factors of a.
3
Suppose -15*k = -17*k + 154. List the prime factors of k.
7, 11
Let x(b) = b**2 - 5*b + 6. Let q be x(4). Let y be (q - 0) + -1 + 1. Suppose m = -y*m + 30. List the prime factors of m.
2, 5
Suppose 0 = 4*r - 95 - 49. List the prime factors of r.
2, 3
Let s = 8 - 8. Suppose -2*c = -2*a + 2, s*a - 13 = -5*a + c. List the prime factors of a.
3
Let k(f) = -6*f + 2. Let i be k(-3). Suppose 4*c - i = -2*y, 4*c - 14 = -2*y + 2*c. What are the prime factors of y?
2
Let m be (-1)/(-2)*6/(-1). Let o(t) = 3*t + 6*t - 6*t + 3*t**2 - 1. List the prime factors of o(m).
17
Let i be (24/3)/((-2)/(-2)). Let x be 1/(2/i*-1). Let f(b) = b**3 + 3*b**2 - 4*b + 5. List the prime factors of f(x).
5
Suppose -13*s = -16*s + 24. List the prime factors of s.
2
Let x = 5 + -2. Suppose -3*f + 23 = -h, -2*f - x*h + 0 = -19. Let a = -4 + f. What are the prime factors of a?
2
Let l(z) = -z**3 - 4*z**2 - 4*z + 2. Suppose -3*p = -p + 8. Let y be l(p). Suppose 26 = 4*d - y. List the prime factors of d.
11
Let f(v) = v**2 - v + 2. Let d be f(10). Let k = d + -33. List the prime factors of k.
59
Let z = 106 - 62. List the prime factors of z.
2, 11
Let l be (-1)/2 + (-21)/(-6). Let v be (l/(-4))/(1/(-4)). Suppose -6 - 36 = -v*u. List the prime factors of u.
2, 7
Suppose -5*m - 157 = -3*p - 0*p, 5*p - 215 = -m. List the prime factors of p.
2, 11
List the prime factors of -4*(0 - (-129)/(-6)).
2, 43
Suppose 5 + 0 = -c. Let w(u) = -6*u - 21. Let g be w(-6). Let d = g + c. What are the prime factors of d?
2, 5
Suppose -2*t + 177 = 2*m - 145, -5*t + 491 = 3*m. What are the prime factors of m?
157
Let z be -8*(3 + 15/(-4)). Suppose 0 = 2*x - z*x + 56. List the prime factors of x.
2, 7
Let p = -3 + 43. Suppose 0*g - 2*g = -3*l + p, 20 = 3*l + 2*g. List the prime factors of l.
2, 5
Let b(n) = n**2 - 11*n - 19. What are the prime factors of b(14)?
23
Let v = -15 - -15. Suppose 0 = -v*s + s - 28. List the prime factors of s.
2, 7
Let o be -24*(2 + (-2 - 1)). Suppose 3*j - o = -0*j - 3*s, -s = -2*j + 1. What are the prime factors of (1 - j) + 16/4?
2
Let w = -1 - 2. Let z be 21/14*26/3. Let l = z + w. List the prime factors of l.
2, 5
Suppose w + 3*d + 360 = 4*w, 0 = -w + 2*d + 122. List the prime factors of w.
2, 59
Suppose -3*u = -10*u + 357. What are the prime factors of u?
3, 17
Suppose 5*x + 4 = 6*x. Suppose -3*d - 2*f + 95 = -x*f, 3*f = 4*d - 128. List the prime factors of d.
29
Let y(f) = f**3 + 10*f**2 - 7. List the prime factors of y(-5).
2, 59
Suppose z = 19 + 7. List the prime factors of z.
2, 13
Let y(x) = x**3 - 2*x**2 - x - 3. Let q = -1 + 5. What are the prime factors of y(q)?
5
Let k = -9 - -11. Suppose -o - 8 = 4*r, -k*o + 3*r = -48 + 9. List the prime factors of o.
2, 3
Suppose -2*f = -3*k + 140, k + f - 33 = 17. Let s = -33 + k. What are the prime factors of s?
3, 5
Let t = -6 - -8. Let p be (-148)/(-18) - (-10)/(-45). Suppose -4*h = -p, -k - 4*h + t*h = -11. List the prime factors of k.
7
Suppose -y + 3*c = 47, -113 - 27 = 5*y + 4*c. Let r = 18 + y. Let t = 24 + r. What are the prime factors of t?
2, 5
List the prime factors of 12/(4 + 5/(-2)).
2
Suppose 7*c - 3*c = 184. What are the prime factors of c?
2, 23
Let w be (-3)/(27/48)*3. Let l = w + 23. List the prime factors of l.
7
What are the prime factors of ((-3)/9*59)/(2/(-6))?
59
What are the prime factors of ((-4)/14)/(3/(-21))?
2
Let y(j) = j**3 + 6*j**2 - 2*j + 3. Let i = -4 - 2. List the prime factors of y(i).
3, 5
Suppose -4*l + 5*o + 1001 - 307 = 0, 3*l - 4*o - 520 = 0. What are the prime factors of l?
2, 11
Let j be 18/4 + (-1)/2. Suppose -j*m + 9*m - 3*h = 150, 2*m + 2*h = 44. What are the prime factors of m?
3
Suppose -3*t - 5*j + 337 = 0, -j - 547 = -5*t - 2*j. List the prime factors of t.
109
Let s be 20 + (6/(-3) - 0). Let z = s - 13. Suppose -3 = -0*o + o - z*w, 0 = 2*o - w - 21. List the prime factors of o.
2, 3
Let r = -10 + 17. Let o(v) = -2*v - 7. Let q be o(-6). List the prime factors of (2*-2)/(q - r).
2
Let b(n) = -n**3 - 12*n**2 + 0*n**3 + 1 + 12 - 10*n. Let a be b(-11). Let t(y) = 3*y**2 + 2*y. List the prime factors of t(a).
2
Suppose v + 4*o = -19, 63 = -5*v - o + 25. Let k = 12 + v. What are the prime factors of k?
5
Let p = 5 + 4. Suppose -2*m + p = -m. What are the prime factors of 210/27 - (-2)/m?
2
Let l(n) be the third derivative of -n**4/24 + 7*n**3/3 - 6*n**2. List the prime factors of l(-14).
2, 7
Let s be (-2)/1 - -4 - 2. Suppose z - 3*z + 6 = s. Let w = 5 - z. What are the prime factors of w?
2
Let o(c) = -c**2 + 5*c + 1. Let f be o(4). Suppose -4*v - 5*s = -112, f*v - 3*s = -0*s + 103. List the prime factors of v.
23
Suppose 2*c - 4*c = 10. Let m be 15/(-6)*6/c. What are the prime factors of ((-1)/m)/(4/(-120))?
2, 5
Let y(u) = -u**2 - 4*u + 7. Let a be y(-5). Let l(m) = 0*m**2 + a*m**2 + 2*m + 1 - 2. What are the prime factors of l(1)?
3
Let x be (-44)/(-16) + (-2)/(-8). Suppose x*q - 2*q + 9 = 0. Let m = q - -19. What are the prime factors of m?
2, 5
Let c(l) = -311*l**3 + 2*l**2 - 1. What are the prime factors of c(-1)?
2, 3, 13
List the prime factors of (-7 + 55 + -5)/(1/5).
5, 43
Let s = 5 + -7. Let j be 2/s + 0/(-1). List the prime factors of (-4)/3*9/j.
2, 3
Suppose 4*u + 2 - 10 = 0. Suppose f = 3*x + u*x - 14, 2*f = -2*x + 32. List the prime factors of f.
11
Suppose -y = -4*m + 2*y + 5, 0 = -4*m - 3*y + 11. Suppose 3*t = m*t. Suppose 2*h - 16 = -t. List the prime factors of h.
2
Let a = -31 - -16. Let k = a + 22. List the prime factors of k.
7
Let r(z) = 2*z**3 + 2*z**2 - 1. Let s be r(-1). List the prime factors of (3/6)/(s/(-16)).
2
Suppose 22 = 3*l + l - 5*v, -4*l = 3*v - 6. Suppose -2*i = 5*s - 0 + 2, -l*i + 14 = -s. Suppose q + 18 = i*q. List the prime factors of q.
2, 3
Let o be 4/(-18) - (-152)/36. Suppose 0*h = -o*h + 100. List the prime factors of h.
5
Let y(z) = -6*z + 6. Let w be y(4). Let h = -36 - w. Let q = h + 29. List the prime factors of q.
11
Let o = -9 - -13. Suppose 0 = 3*v - 3 - 6. Suppose -o*a - 4*q + 36 = -9*q, -v*a + 3*q = -30. What are the prime factors of a?
2, 7
Suppose -2*f - 6 = -o - 0*o, -2*f = o - 6. List the prime factors of (-3 + 1)/((-3)/o).
2
Suppose o + 4*k - k = 9, 4*k + 20 = 0. Let h = o + 2. What are the prime factors of h?
2, 13
Let m be 16/5 - (-1)/(-5). Suppose 2*k + c = -m*k + 55, 0 = 4*k - c - 44. What are the prime factors of k?
11
Let i(f) be the third derivative of f**5/60 + f**4/8 - 5*f**3/6 + 2*f**2. What are the prime factors of i(-5)?
5
Suppose 3*l - 2*r - 4 = 0, -4*l + 8*l = 5*r + 3. Suppose 4*n = l*i - 34, 2*i = 3*n - n + 44. What are the prime factors of i?
3
Suppose -2*m + 0*m = 4. Let n(j) = j**3 + 4*j**2 + 2*j. Let k be n(-2). Let f = k + m. What are the prime factors of f?
2
Suppose -18*z = -23*z + 250. List the prime factors of z.
2, 5
Let o = -17 - -33. List the prime factors of o.
2
Suppose -6*b + 7*b - 4 = -2*i, 5*b = 0. List the prime factors of i.
2
Let q(z) be the second derivative of -1/2*z**3 + 2*z - 1/2*z**2 + 0. List the prime factors of q(-2).
5
List the prime factors of (-1)/(-5) - 129/(-5).
2, 13
Let h = 1 - -89. Suppose 5 = -g, h = 5*r - 2*r - 3*g. What are the prime factors of r?
5
Let a(u) = u**2 + 7*u + 5. Let v be a(-6). Let r(s) = -24*s + 1. What are the prime factors of r(v)?
5
Let a be -2 - (1 + 16/(-2)). Let k(i) = -a*i + 0 + i + i - 6. List the prime factors of k(-4).
2, 3
Let h(p) be the third derivative of -5/6*p**3 + 3*p**2 + 1/8*p**4 + 0*p + 0. List the prime factor